ple of 44?
False
Does 7 divide 2107?
True
Is 12 a factor of 113397?
False
Does 5 divide 122?
False
Is 131 a multiple of 2?
False
Is 9 a factor of 501?
False
Is 2523 a multiple of 27?
False
Does 3 divide 438?
True
Does 20 divide 35?
False
Is 14096 a multiple of 8?
True
Is 105 a multiple of 44?
False
Is 66 a factor of 924?
True
Does 6 divide 313?
False
Is 17 a factor of 91392?
True
Is 1495 a multiple of 9?
False
Is 29 a factor of 675?
False
Does 14 divide 14?
True
Is 88 a multiple of 44?
True
Does 4 divide 3476?
True
Is 16 a factor of 84393?
False
Is 27 a factor of 567?
True
Is 64 a factor of 3072?
True
Is 4 a factor of 704?
True
Is 2714 a multiple of 43?
False
Is 29 a factor of 4621?
False
Is 1540 a multiple of 7?
True
Is 4819 a multiple of 61?
True
Does 10 divide 367?
False
Is 821 a multiple of 43?
False
Does 109 divide 24852?
True
Does 16 divide 8928?
True
Is 72 a factor of 2160?
True
Is 190 a factor of 12419?
False
Is 1255 a multiple of 3?
False
Does 16 divide 396?
False
Is 2783 a multiple of 44?
False
Is 86 a factor of 2494?
True
Is 676 a multiple of 114?
False
Is 16 a factor of 914?
False
Is 11 a factor of 13206?
False
Does 10 divide 1482?
False
Is 1991 a multiple of 124?
False
Is 109244 a multiple of 31?
True
Does 224 divide 14336?
True
Is 72 a factor of 2047?
False
Is 29 a factor of 22270?
False
Does 17 divide 340?
True
Is 5 a factor of 85?
True
Does 9 divide 22122?
True
Is 26 a factor of 127?
False
Is 9 a factor of 177?
False
Is 472 a multiple of 8?
True
Is 49 a factor of 1353?
False
Does 14 divide 6048?
True
Is 26 a factor of 214?
False
Is 971 a multiple of 74?
False
Does 4 divide 141?
False
Does 8 divide 312?
True
Is 900 a multiple of 3?
True
Is 420 a multiple of 35?
True
Is 22 a factor of 668?
False
Does 53 divide 3180?
True
Does 19 divide 262?
False
Is 13 a factor of 1261?
True
Is 160 a factor of 9138?
False
Is 284 a multiple of 71?
True
Does 33 divide 3960?
True
Does 235 divide 48175?
True
Is 25 a factor of 14100?
True
Is 7 a factor of 102?
False
Is 47 a factor of 3196?
True
Does 136 divide 11016?
True
Is 4 a factor of 176?
True
Is 3016 a multiple of 104?
True
Does 126 divide 1386?
True
Is 2808 a multiple of 13?
True
Does 10 divide 283?
False
Does 20 divide 9540?
True
Does 5 divide 1246?
False
Does 40 divide 19960?
True
Does 49 divide 49?
True
Does 40 divide 1000?
True
Does 3 divide 2554?
False
Does 71 divide 2094?
False
Is 13 a factor of 403?
True
Is 410 a multiple of 22?
False
Is 6336 a multiple of 16?
True
Is 45 a factor of 6435?
True
Is 38 a factor of 48070?
True
Is 264 a factor of 132554?
False
Does 6 divide 31860?
True
Is 10710 a multiple of 90?
True
Is 46758 a multiple of 192?
False
Is 55 a factor of 990?
True
Does 16 divide 23?
False
Does 7 divide 397?
False
Does 25 divide 16970?
False
Is 27281 a multiple of 34?
False
Does 9 divide 5097?
False
Is 5699 a multiple of 24?
False
Is 24 a factor of 3074?
False
Is 64 a factor of 3639?
False
Is 186 a factor of 41292?
True
Is 38735 a multiple of 34?
False
Is 11787 a multiple of 4?
False
Does 8 divide 3673?
False
Does 4 divide 116?
True
Is 384 a multiple of 16?
True
Is 34 a factor of 10366?
False
Is 199 a multiple of 7?
False
Does 30 divide 56?
False
Is 4680 a multiple of 65?
True
Does 8 divide 7774?
False
Is 17284 a multiple of 51?
False
Does 20 divide 14313?
False
Is 8 a factor of 3936?
True
Is 2 a factor of 286?
True
Is 14 a factor of 2184?
True
Is 12 a factor of 1448?
False
Does 17 divide 308?
False
Is 10 a factor of 340?
True
Is 15688 a multiple of 106?
True
Is 9928 a multiple of 136?
True
Does 18 divide 14859?
False
Does 3 divide 16497?
True
Is 1248 a multiple of 12?
True
Does 68 divide 6800?
True
Does 30 divide 12043?
False
Is 816 a multiple of 48?
True
Is 8183 a multiple of 49?
True
Is 37895 a multiple of 123?
False
Is 4824 a multiple of 6?
True
Does 42 divide 1974?
True
Does 38 divide 16735?
False
Is 6 a factor of 93?
False
Is 6 a factor of 7422?
True
Does 25 divide 930?
False
Is 2590 a multiple of 16?
False
Is 2000 a multiple of 21?
False
Is 570 a multiple of 19?
True
Does 8 divide 5387?
False
Is 147 a factor of 4557?
True
Is 107 a factor of 1498?
True
Does 20 divide 11208?
False
Is 50 a factor of 10367?
False
Is 6355 a multiple of 41?
True
Is 15 a factor of 10984?
False
Is 2 a factor of 4098?
True
Does 10 divide 5170?
True
Does 28 divide 1103?
False
Is 384 a multiple of 16?
True
Does 9 divide 5012?
False
Is 41 a factor of 37395?
False
Is 1024 a multiple of 11?
False
Is 5895 a multiple of 15?
True
Is 6027 a multiple of 5?
False
Is 13 a factor of 1001?
True
Is 65 a factor of 21981?
False
Is 25 a multiple of 2?
False
Is 67 a multiple of 5?
False
Is 90 a factor of 491?
False
Is 6 a factor of 300?
True
Does 67 divide 26800?
True
Does 98 divide 121?
False
Is 13 a factor of 27005?
False
Is 8 a factor of 2376?
True
Does 9 divide 5508?
True
Does 11 divide 1991?
True
Is 37 a factor of 3626?
True
Is 32 a factor of 11986?
False
Does 32 divide 28458?
False
Is 5 a factor of 1197?
False
Is 25 a factor of 665?
False
Does 7 divide 29784?
False
Is 992 a multiple of 31?
True
Does 36 divide 29838?
False
Is 39005 a multiple of 269?
True
Does 16 divide 59296?
True
Is 16377 a multiple of 53?
True
Is 11653 a multiple of 16?
False
Is 52900 a multiple of 20?
True
Is 48626 a multiple of 82?
True
Does 14 divide 177?
False
Is 252 a multiple of 3?
True
Is 39 a multiple of 11?
False
Is 2036 a multiple of 33?
False
Does 18 divide 40752?
True
Is 299 a multiple of 23?
True
Is 46 a factor of 8786?
True
Is 23 a factor of 121486?
True
Does 19 divide 420?
False
Is 41035 a multiple of 203?
False
Is 7795 a multiple of 51?
False
Is 103 a factor of 16274?
True
Does 56 divide 20776?
True
Is 71 a factor of 1775?
True
Is 21 a factor of 3990?
True
Does 69 divide 483?
True
Does 197 divide 20094?
True
Is 6 a factor of 1440?
True
Is 5 a factor of 795?
True
Is 6 a factor of 3907?
False
Is 6 a factor of 1078?
False
Is 372 a multiple of 62?
True
Is 8662 a multiple of 71?
True
Does 35 divide 1155?
True
Is 5 a factor of 117?
False
Does 80 divide 2672?
False
Is 24 a factor of 1820?
False
Does 15 divide 495?
True
Does 47 divide 6780?
False
Is 1088 a multiple of 68?
True
Is 4 a factor of 240?
True
Is 47 a factor of 5210?
False
Is 33 a factor of 74164?
False
Does 20 divide 3988?
False
Does 20 divide 100?
True
Is 13500 a multiple of 9?
True
Is 6 a factor of 7225?
False
Is 20 a factor of 140?
True
Is 602 a multiple of 12?
False
Does 55 divide 7745?
False
Is 20 a factor of 649?
False
Is 70 a factor of 510?
False
Is 326 a multiple of 3?
False
Is 23 a factor of 1404?
False
Is 923 a multiple of 8?
False
Is 193 a multiple of 19?
False
Does 16 divide 12928?
True
Is 10 a factor of 16490?
True
Is 30 a factor of 30?
True
Does 103 divide 155?
False
Is 3230 a multiple of 75?
False
Is 99 a factor of 32525?
False
Is 4990 a multiple of 15?
False
Is 8 a factor of 845?
False
Is 117 a factor of 11486?
False
Is 5 a factor of 171?
False
Is 1268 a multiple of 32?
False
Is 2465 a multiple of 29?
True
Is 3 a factor of 75?
True
Is 10686 a multiple of 11?
False
Is 26592 a multiple of 25?
False
Is 13 a factor of 15706?
False
Does 62 divide 11594?
True
Does 25 divide 25847?
False
Is 64 a multiple of 2?
True
Is 4605 a multiple of 12?
False
Does 43 divide 14200?
False
Does 58 divide 1972?
True
Is 16750 a multiple of 125?
True
Does 13 divide 10855?
True
Is 96 a factor of 1074?
False
Is 6 a factor of 600?
True
Is 3 a factor of 3327?
True
Is 1552 a multiple of 155?
False
Is 148 a factor of 13387?
False
Is 424 a multiple of 17?
False
Is 32087 a multiple of 11?
True
Is 8 a factor of 2809?
False
Does 12 divide 13752?
True
Does 5 divide 40?
True
Does 23 divide 13806?
False
Is 218 a multiple of 33?
False
Does 15 divide 1610?
False
Is 58 even?
True
Is 4392 a multiple of 72?
True
Does 27 divide 1242?
True
Does 18 divide 739?
False
Does 6 divide 140?
False
Is 9 a factor of 13581?
True
Is 3421 a multiple of 7?
False
Is 843 a multiple of 4?
False
Is 168 a multiple of 3?
True
Does 13 divide 4387?
False
Is 53 a factor of 50007?
False
Does 14 divide 8652?
True
Is 4427 a multiple of 2?
False
Does 11 divide 14286?
False
Is 26 a factor of 4946?
False
Is 35478 a multiple of 81?
True
Is 991 a multiple of 12?
False
Is 6049 a multiple of 19?
False
Is 1883 a multiple of 11?
Fal